when 523863 is divided by 14158?
17
Calculate the remainder when 1502430 is divided by 500761.
147
What is the remainder when 2048455324 is divided by 805?
804
What is the remainder when 72435134 is divided by 24145020?
74
Calculate the remainder when 7402874 is divided by 77112.
122
What is the remainder when 53935 is divided by 1206?
871
Calculate the remainder when 5872724 is divided by 62.
22
Calculate the remainder when 1436084 is divided by 478274.
1262
What is the remainder when 348100 is divided by 361?
96
What is the remainder when 1569537 is divided by 222?
219
Calculate the remainder when 1484699 is divided by 173.
13
What is the remainder when 35524 is divided by 7289?
6368
Calculate the remainder when 6875202 is divided by 27391.
61
Calculate the remainder when 19800128 is divided by 13712.
0
What is the remainder when 4672093 is divided by 934416?
13
Calculate the remainder when 19545237 is divided by 2431.
2428
Calculate the remainder when 35563660 is divided by 3233052.
88
Calculate the remainder when 21253 is divided by 649.
485
Calculate the remainder when 9287147 is divided by 43.
7
What is the remainder when 1223898 is divided by 611944?
10
Calculate the remainder when 83763 is divided by 1835.
1188
What is the remainder when 169684304 is divided by 377?
374
What is the remainder when 18766 is divided by 16213?
2553
What is the remainder when 37310355 is divided by 3386?
21
What is the remainder when 1197151 is divided by 99?
43
Calculate the remainder when 90759 is divided by 6558.
5505
What is the remainder when 58388106 is divided by 18?
12
What is the remainder when 1394117 is divided by 8659?
18
What is the remainder when 6577247 is divided by 5?
2
Calculate the remainder when 5763402 is divided by 1029.
1002
What is the remainder when 558608008 is divided by 30?
28
What is the remainder when 21584300 is divided by 144?
140
What is the remainder when 8741991 is divided by 203?
202
Calculate the remainder when 286349 is divided by 1198.
27
What is the remainder when 9304821 is divided by 370?
61
Calculate the remainder when 10723 is divided by 1368.
1147
Calculate the remainder when 592390 is divided by 1869.
1786
Calculate the remainder when 64108967 is divided by 452.
451
Calculate the remainder when 890230 is divided by 222525.
130
What is the remainder when 4991503 is divided by 598?
595
Calculate the remainder when 149949 is divided by 862.
823
Calculate the remainder when 5938197 is divided by 34.
29
What is the remainder when 78207458 is divided by 10?
8
What is the remainder when 14981277 is divided by 115?
112
What is the remainder when 8018317 is divided by 71?
3
What is the remainder when 16401 is divided by 486?
363
What is the remainder when 767883 is divided by 542?
411
What is the remainder when 1996345 is divided by 133063?
400
Calculate the remainder when 167042 is divided by 972.
830
What is the remainder when 165190 is divided by 124?
22
What is the remainder when 24674412 is divided by 4934876?
32
Calculate the remainder when 389067 is divided by 1973.
386
What is the remainder when 331940 is divided by 2628?
812
Calculate the remainder when 46018798 is divided by 45.
43
What is the remainder when 6037 is divided by 26?
5
Calculate the remainder when 109134 is divided by 36202.
528
Calculate the remainder when 813274 is divided by 45172.
178
What is the remainder when 44149674 is divided by 8829934?
4
Calculate the remainder when 44546643 is divided by 1955.
13
What is the remainder when 2586519 is divided by 431086?
3
What is the remainder when 311858997 is divided by 180?
177
What is the remainder when 65586 is divided by 32528?
530
Calculate the remainder when 35093484 is divided by 8773368.
12
Calculate the remainder when 1576082 is divided by 11647.
3737
Calculate the remainder when 732736 is divided by 17446.
4
Calculate the remainder when 90006 is divided by 89947.
59
Calculate the remainder when 268834 is divided by 22375.
334
Calculate the remainder when 1558242 is divided by 2379.
2376
What is the remainder when 208268 is divided by 6311?
5
Calculate the remainder when 7794915 is divided by 2614.
2581
What is the remainder when 52188 is divided by 8488?
1260
What is the remainder when 26873 is divided by 11896?
3081
What is the remainder when 565636 is divided by 80802?
22
What is the remainder when 8787196 is divided by 1581?
1579
What is the remainder when 6162 is divided by 97?
51
What is the remainder when 17758 is divided by 9252?
8506
Calculate the remainder when 4597735 is divided by 764.
747
What is the remainder when 18298883 is divided by 9149435?
13
Calculate the remainder when 143637 is divided by 779.
301
What is the remainder when 3437012 is divided by 1808?
4
What is the remainder when 258098 is divided by 86000?
98
What is the remainder when 15222479 is divided by 77?
41
What is the remainder when 368509950 is divided by 128?
126
Calculate the remainder when 1237268 is divided by 2946.
2894
Calculate the remainder when 2464535 is divided by 112024.
7
Calculate the remainder when 236405658 is divided by 47281131.
3
Calculate the remainder when 29665199 is divided by 354.
353
Calculate the remainder when 10379945 is divided by 26.
17
Calculate the remainder when 23587821 is divided by 103.
100
Calculate the remainder when 79835 is divided by 2417.
74
Calculate the remainder when 907307 is divided by 2602.
1811
Calculate the remainder when 25021 is divided by 5602.
2613
Calculate the remainder when 3300705 is divided by 63475.
5
Calculate the remainder when 90886 is divided by 1123.
1046
Calculate the remainder when 4791526 is divided by 1971.
25
What is the remainder when 324010 is divided by 1484?
498
Calculate the remainder when 667083 is divided by 166760.
43
Calculate the remainder when 28053564 is divided by 7013389.
8
Calculate the remainder when 27854 is divided by 247.
190
What is the remainder when 54008 is divided by 7643?
507
What is the remainder when 9226659 is divided by 3075553?
0
What is the remainder when 2268984 is divided by 1240?
1024
Calculate the remainder when 5766513 is divided by 403.
389
Calculate the remainder when 130707 is divided by 17859.
5694
Calculate the remainder when 24107 is divided by 54.
23
What is the remainder when 485174967 is divided by 2205?
2202
What is the remainder when 432706 is divided by 187?
175
What is the remainder when 6152396 is divided by 323810?
6
Calculate the remainder when 2812874 is divided by 1523.
1416
Calculate the remainder when 4819908 is divided by 51826.
90
Calculate the remainder when 6871504 is divided by 381750.
4
What is the remainder when 17070 is divided by 2995?
2095
What is the remainder when 10996767 is divided by 71?
3
Calculate the remainder when 46634 is divided by 5207.
4978
Calculate the remainder when 1098874 is divided by 366285.
19
What is the remainder when 8411 is divided by 2722?
245
Calculate the remainder when 4421745 is divided by 12.
9
Calculate the remainder when 56736 is divided by 746.
40
What is the remainder when 3978871 is divided by 20095?
61
Calculate the remainder when 268450 is divided by 32385.
9370
What is the remainder when 6901720 is divided by 1646?
42
What is the remainder when 8372588 is divided by 2790860?
8
What is the remainder when 1859516 is divided by 92967?
176
What is the remainder when 183409 is divided by 60?
49
Calculate the remainder when 337357230 is divided by 8.
6
Calculate the remainder when 903624 is divided by 6186.
468
Calculate the remainder when 142937 is divided by 3566.
297
Calculate the remainder when 1915062 is divided by 1716.
6
What is the remainder when 3047621 is divided by 1015464?
1229
What is the remainder when 1213809 is divided by 1213809?
0
What is the remainder when 24833857 is divided by 3608?
3601
What is the remainder when 247759 is divided by 123862?
35
Calculate the remainder when 7126293 is divided by 195.
18
What is the remainder when 9264678 is divided by 572?
566
Calculate the remainder when 5152563 is divided by 4301.
4266
Calculate the remainder when 159470566 is divided by 198.
178
What is the remainder when 2750811313 is divided by 21?
19
Calculate the remainder when 7659000 is divided by 182357.
6
Calculate the rema